?
-473
-2a1 (base 12) to base 9
-504
Convert 1664 (base 9) to base 8.
2371
What is 5160 (base 10) in base 3?
21002010
Convert -1456 (base 8) to base 15.
-394
13312013 (base 4) to base 2
111110110000111
-37688 (base 11) to base 4
-31030232
-d827 (base 15) to base 14
-12932
1b09 (base 15) to base 6
43043
What is -611 (base 13) in base 9?
-1362
Convert -22201110 (base 3) to base 16.
-18d5
What is -21010112 (base 3) in base 9?
-7115
Convert -eebc (base 15) to base 16.
-c591
Convert -16b12 (base 14) to base 4.
-31323130
Convert -440b (base 15) to base 14.
-5375
Convert -43494 (base 10) to base 13.
-16a49
What is -235 (base 13) in base 5?
-3012
What is -493 (base 16) in base 12?
-817
What is 1558 (base 9) in base 13?
704
-61715 (base 9) to base 12
-1b658
Convert -4215 (base 8) to base 11.
-1710
-2375 (base 9) to base 5
-24034
What is -65a1 (base 15) in base 16?
-5416
Convert 1c52 (base 15) to base 14.
2356
Convert 2550 (base 6) to base 8.
1202
What is 145 (base 16) in base 10?
325
5425 (base 7) to base 5
30210
Convert -10213 (base 11) to base 5.
-434042
356a (base 13) to base 12
4430
Convert 6416 (base 7) to base 4.
203123
Convert -2311 (base 5) to base 10.
-331
10617 (base 11) to base 6
155121
What is 17393 (base 12) in base 2?
1000001001011111
What is 293a (base 11) in base 13?
195b
3240 (base 5) to base 3
121111
Convert 3303 (base 6) to base 15.
359
2003 (base 5) to base 13
166
What is 6a92 (base 11) in base 9?
13670
What is -20101101 (base 4) in base 2?
-1000010001010001
What is -213240 (base 5) in base 4?
-1302120
Convert 46534 (base 8) to base 3.
1000011111
-1134 (base 7) to base 3
-120110
ab67 (base 15) to base 8
106742
Convert -21310 (base 5) to base 3.
-1222220
Convert 113311 (base 4) to base 2.
10111110101
2140344 (base 5) to base 2
1001000001101110
What is -4bdb (base 16) in base 14?
-7111
Convert -4650 (base 7) to base 6.
-11513
What is -7b9 (base 15) in base 7?
-5046
What is -1010001111101 (base 2) in base 5?
-131440
What is -67226 (base 8) in base 6?
-335022
Convert 969 (base 11) to base 15.
529
What is -71cb (base 14) in base 8?
-46177
Convert -1230 (base 10) to base 7.
-3405
What is -b6b (base 13) in base 5?
-30243
What is -3344a (base 11) in base 3?
-2110110121
Convert 171 (base 13) to base 11.
218
Convert -11100000 (base 2) to base 10.
-224
What is 40014 (base 6) in base 9?
7111
-1324 (base 9) to base 12
-6aa
-239b (base 13) to base 10
-5029
What is 1b3 (base 13) in base 7?
630
What is -21000122 (base 3) in base 2?
-1010000000000
-56 (base 9) to base 10
-51
Convert -83 (base 10) to base 6.
-215
Convert -10545 (base 6) to base 7.
-4250
What is 11115 (base 6) in base 8?
3027
Convert 34030 (base 7) to base 8.
20624
What is 12441 (base 5) in base 12?
6b0
-53661 (base 7) to base 13
-6117
Convert -31233021 (base 4) to base 14.
-1670d
-2b5b (base 16) to base 5
-323344
-1aa7 (base 15) to base 7
-22600
-5617 (base 10) to base 6
-42001
What is 21530 (base 6) in base 9?
4110
160501 (base 8) to base 12
29455
Convert 71d (base 14) to base 10.
1399
414521 (base 6) to base 9
50804
-225566 (base 7) to base 6
-511052
1101000111 (base 2) to base 14
43d
Convert 47215 (base 9) to base 11.
21758
What is 40552 (base 6) in base 7?
21506
Convert -4431 (base 6) to base 11.
-854
Convert 304403 (base 5) to base 13.
4707
-141a (base 13) to base 2
-101101010000
Convert -1010110 (base 2) to base 5.
-321
2958 (base 11) to base 3
12020021
Convert -74a4 (base 11) to base 3.
-111121020
5131 (base 6) to base 5
14020
12110 (base 4) to base 12
298
-38 (base 10) to base 5
-123
Convert -21251 (base 7) to base 6.
-40235
-5361 (base 7) to base 8
-3561
14000 (base 5) to base 6
5113
-12102 (base 4) to base 15
-1bc
Convert 7944 (base 11) to base 13.
49b2
Convert -361 (base 13) to base 15.
-291
Convert 2221232 (base 4) to base 11.
8185
Convert 51535 (base 7) to base 10.
12619
What is -5614 (base 8) in base 2?
-101110001100
Convert -2322101 (base 4) to base 15.
-37eb
-12212120 (base 3) to base 12
-2589
Convert 432 (base 7) to base 16.
db
Convert 33313 (base 6) to base 15.
15a3
Convert 321 (base 11) to base 10.
386
6102 (base 7) to base 8
4075
-1010011000111 (base 2) to base 6
-40343
What is 5021 (base 6) in base 8?
2105
Convert 301505 (base 6) to base 3.
1012112212
What is -34402 (base 5) in base 6?
-15245
What is -26b70 (base 12) in base 13?
-1b480
-161241 (base 8) to base 15
-122cc
20622 (base 7) to base 3
21000100
-4095 (base 11) to base 8
-12464
214a (base 16) to base 8
20512
Convert 201141 (base 5) to base 11.
4908
What is 5050 (base 8) in base 15?
b85
Convert -18844 (base 15) to base 13.
-2a247
-8ee (base 15) to base 3
-2202222
-113133 (base 5) to base 13
-1b88
-106456 (base 7) to base 3
-222012111
What is -386 (base 10) in base 8?
-602
What is -112 (base 5) in base 13?
-26
10212202 (base 4) to base 7
105646
Convert 280 (base 14) to base 11.
419
What is 24a76 (base 11) in base 9?
54217
Convert -242b (base 12) to base 6.
-30455
101221 (base 4) to base 6
5121
-107388 (base 9) to base 8
-175733
Convert -6543 (base 11) to base 10.
-8638
Convert 31d (base 14) to base 8.
1147
Convert -19ac (base 16) to base 6.
-50232
What is 70b (base 13) in base 15?
549
What is -2001020201 (base 3) in base 2?
-1001110101010100
Convert -196 (base 15) to base 9.
-446
3350 (base 6) to base 15
376
What is 971 (base 10) in base 15?
44b
What is 5351 (base 6) in base 15?
564
Convert 448 (base 12) to base 16.
278
-13354 (base 7) to base 11
-2798
11724 (base 10) to base 6
130140
Convert 37c0 (base 16) to base 11.
a7a5
What is 426 (base 15) in base 9?
1250
What is -1112 (base 3) in base 5?
-131
Convert 169a (base 14) to base 4.
333120
115 (base 14) to base 12
15b
What is 62111 (base 9) in base 14?
10ca7
What is 32665 (base 7) in base 5?
230410
Convert -168 (base 10) to base 11.
-143
What is 1010030 (base 5) in base 12?
94b5
988 (base 15) to base 3
2221202
Convert 2765 (base 13) to base 5.
140120
-16250 (base 8) to base 7
-30250
b235 (base 13) to base 12
12259
What is 8945 (base 13) in base 6?
224402
Convert -3313 (base 5) to base 7.
-1223
What is 2006 (base 9) in base 3?
2000020
What is 28638 (base 9) in base 12?
b32b
1214 (base 7) to base 3
121202
Convert -11122 (base 3) to base 2.
-1111101
What is 7c7 (base 14) in base 9?
2108
3898 (base 10) to base 11
2a24
What is -45211 (base 6) in base 12?
-3807
-1022121 (base 3) to base 16
-3c1
What is 1101111000 (base 2) in base 10?
888
What is 1000230 (base 4) in base 8?
10054
100031 (base 5) to base 2
110001000101
What is -11750 (base 9) in base 16?
-1ede
-4198 (base 11) to base 8
-12660
4410 (base 6) to base 3
1101120
What is -2292 (base 16) in base 2?
-10001010010010
What is -2776 (base 10) in base 2?
-101011011000
Convert -32 (base 12) to base 7.
-53
Convert 10514 (base 7) to base 15.
bc2
Convert 1081 (base 9) to base 11.
66a
Convert 1144 (base 7) to base 5.
3144
-2332 (base 8) to base 5
-14432
Convert 1aa07 (base 12) to base 10.
39463
Convert -22103 (base 5) to base 9.
-2077
Convert -12301 (base 4) to base 7.
-1156
Convert -1213301 (base 4) to base 14.
-25c5
What is -973 (base 12) in base 5?
-21013
-19214 (base 13) to base 15
-e65e
What is 783 (base 13) in base 7?
3522
d34 (base 16) to base 9
4565
Convert -63341 (base 8) to base 6.
-321533
What is -aa3a (base 13) in base 12?
-11879
What is -53122 (base 9) in base 12?
-18385
What is -11111101101 (base 2) in base 10?
-2029
340100 (base 6) to base 16
6f84
What is -13352 (base 6) in base 11?
-1625
7a (base 12) to base 7
163
What is -10210000 (base 3) in base 15?
-c39
Convert 100101111010110 (base 2) to base 15.
5b44
What is 1059 (base 13) in base 16?
8df
-170c (base 13) to base 11
-2604
Convert 13472 (base 14) to base 5.
3010112
35098 (base 10) to base 15
a5ed
-13408 (base 9) to base 6
-110012
What is -5f (base 16) in base 12?
-7b
Convert -2243 (base 7) to base 4.
-30233
Convert -111010 (base 3) to base 14.
-1b4
Convert -301503 (base 6) to base 3.
-1012112210
What is 53717 (base 8) in base 2?
101011111001111
What is 343350 (base 7) in base 11?
4200a
1042 (base 10) to base 12
72a
Convert -264 (base 9) to base 15.
-ea
Convert -101100111111 (base 2) to base 12.
-17bb
-216 (base 10) to base 16
-d8
-1000011111101 (base 2) to base 3
-12222002
Convert -1222 (base 5) to base 14.
-d5
535 (base 10) to base 16
217
W